(base 7) in base 9?
-18051
What is -19998 (base 11) in base 16?
-6ca8
Convert -3067 (base 11) to base 9.
-5517
Convert 111210 (base 3) to base 5.
2442
-402c (base 13) to base 11
-66a4
Convert 171 (base 10) to base 13.
102
-112345 (base 6) to base 7
-40052
Convert -41504 (base 6) to base 16.
-15d0
-1000111001111010 (base 2) to base 5
-2131344
435 (base 11) to base 5
4042
-1112102 (base 3) to base 12
-792
23000 (base 4) to base 13
422
Convert 42313 (base 5) to base 16.
b11
What is -5339 (base 13) in base 16?
-2d14
Convert -10100001100000 (base 2) to base 5.
-312321
What is 122461 (base 7) in base 15?
6a24
Convert 3121 (base 10) to base 7.
12046
What is -2110211 (base 4) in base 2?
-10010100100101
Convert -1304 (base 6) to base 5.
-2303
What is 9306 (base 15) in base 8?
74520
Convert -30111 (base 4) to base 11.
-658
What is -39fa (base 16) in base 6?
-152414
What is -304 (base 13) in base 9?
-627
What is 32104 (base 5) in base 11?
1689
Convert -121000 (base 3) to base 16.
-1b0
2422143 (base 5) to base 9
68121
Convert -225043 (base 6) to base 10.
-19251
-110110111011 (base 2) to base 16
-dbb
Convert -564 (base 11) to base 7.
-1653
11310 (base 4) to base 13
228
Convert -109b (base 12) to base 15.
-832
Convert 213145 (base 7) to base 13.
13b8b
Convert -d1c (base 14) to base 3.
-10112100
Convert -1010100001100 (base 2) to base 15.
-18e3
1136 (base 12) to base 2
11101111010
What is 3115 (base 7) in base 6?
5014
Convert 10503 (base 6) to base 11.
1125
Convert -143212 (base 6) to base 5.
-414223
12000022 (base 3) to base 4
321011
Convert -12011 (base 4) to base 9.
-472
What is 100444 (base 5) in base 4?
302301
Convert 32002 (base 4) to base 10.
898
-c (base 14) to base 12
-10
What is 17151 (base 9) in base 7?
46243
-16255 (base 8) to base 5
-213331
Convert 1653 (base 10) to base 6.
11353
eec (base 16) to base 8
7354
-280e (base 15) to base 7
-33653
Convert 232 (base 11) to base 9.
337
What is -23628 (base 9) in base 6?
-201125
What is 344d (base 15) in base 10?
11098
Convert -430515 (base 6) to base 3.
-1210021002
-28b (base 16) to base 5
-10101
4032 (base 5) to base 2
1000000101
300 (base 7) to base 4
2103
10001110011001 (base 2) to base 7
35366
-12010 (base 6) to base 8
-3306
Convert 19d5 (base 15) to base 14.
2080
Convert -14042 (base 7) to base 6.
-25335
Convert -13554 (base 8) to base 15.
-1b9b
-87044 (base 9) to base 12
-29427
Convert -19 (base 13) to base 8.
-26
What is -2e5 (base 15) in base 14?
-357
What is 3434 (base 9) in base 6?
15434
Convert -10110000010 (base 2) to base 14.
-72a
10011111011010 (base 2) to base 11
7735
110011101110101 (base 2) to base 16
6775
Convert 3143 (base 6) to base 16.
2c7
10311 (base 7) to base 2
100111111100
What is -110231 (base 4) in base 7?
-3602
Convert 4342 (base 8) to base 14.
b86
1221 (base 13) to base 16
a02
-341555 (base 6) to base 3
-1110200222
What is 294 (base 16) in base 4?
22110
4a58 (base 11) to base 15
1e4c
110001 (base 2) to base 9
54
What is 8408 (base 10) in base 13?
3a9a
Convert -3410 (base 6) to base 14.
-410
Convert 11001000 (base 3) to base 12.
1853
Convert -266 (base 7) to base 14.
-a6
What is -452 (base 16) in base 15?
-4db
Convert -202120120 (base 3) to base 8.
-35230
101120211 (base 3) to base 14
2b53
What is -100100111100110 (base 2) in base 16?
-49e6
What is -1002121 (base 4) in base 15?
-13d4
-110c (base 16) to base 15
-145e
Convert 1101012 (base 3) to base 6.
4352
What is -1160 (base 7) in base 16?
-1b2
What is -34145 (base 6) in base 8?
-11321
Convert -1009 (base 11) to base 5.
-20330
2214 (base 5) to base 15
159
What is -835 (base 11) in base 5?
-13011
What is 5f84 (base 16) in base 13?
b18c
-311 (base 7) to base 14
-b1
What is 110331 (base 7) in base 6?
225413
What is -24a4 (base 11) in base 4?
-302330
-1545 (base 6) to base 4
-12221
What is 20231 (base 6) in base 8?
5173
Convert 8075 (base 10) to base 9.
12062
Convert 23a (base 13) to base 6.
1443
3105 (base 7) to base 10
1083
Convert 6363 (base 10) to base 2.
1100011011011
Convert 2013112 (base 4) to base 7.
34153
Convert 1314 (base 6) to base 3.
110101
What is 61112 (base 8) in base 2?
110001001001010
Convert 1256 (base 10) to base 8.
2350
Convert 13272 (base 8) to base 12.
344a
What is 11573 (base 9) in base 8?
17121
What is -10433 (base 6) in base 13?
-885
Convert -1012220 (base 5) to base 10.
-16560
4a4 (base 16) to base 4
102210
What is -110202120 (base 3) in base 12?
-5473
1762 (base 11) to base 3
10002012
Convert -426a (base 11) to base 14.
-20b0
What is -21423 (base 8) in base 12?
-5243
Convert 101231 (base 4) to base 14.
5ad
-701 (base 11) to base 15
-3b8
What is 1401 (base 10) in base 3?
1220220
Convert -1156 (base 12) to base 15.
-893
Convert 1304 (base 6) to base 3.
110011
370 (base 10) to base 15
19a
Convert -11012221 (base 4) to base 9.
-31607
10210331 (base 4) to base 16
493d
-255a1 (base 13) to base 15
-15708
-2410121 (base 5) to base 9
-66825
What is 1471 (base 10) in base 16?
5bf
-26b3 (base 13) to base 12
-326a
-745 (base 13) to base 15
-57a
Convert 87 (base 11) to base 10.
95
What is -1203 (base 6) in base 5?
-2131
What is -110100001100011 (base 2) in base 12?
-1356b
What is -102121 (base 3) in base 10?
-313
-4cb (base 13) to base 5
-11333
What is -21a5 (base 11) in base 7?
-11310
-24a (base 15) to base 5
-4040
-145b (base 13) to base 12
-1859
Convert 171 (base 13) to base 11.
218
What is -6037 (base 14) in base 10?
-16513
-3405 (base 9) to base 11
-1988
Convert -123402 (base 9) to base 5.
-4342214
Convert -146 (base 8) to base 12.
-86
Convert -24142 (base 5) to base 3.
-2110120
1013 (base 7) to base 8
541
Convert -5417 (base 9) to base 15.
-12aa
Convert -6106 (base 15) to base 6.
-234453
-1ba48 (base 12) to base 13
-15a04
-122121 (base 3) to base 9
-577
43a (base 11) to base 5
4102
What is -55 (base 12) in base 14?
-49
Convert 21123 (base 6) to base 13.
13bc
What is 5408 (base 11) in base 9?
10721
What is 30021200 (base 4) in base 2?
1100001001100000
What is -c5bd (base 16) in base 12?
-25365
10301212 (base 4) to base 7
111010
What is 36 (base 11) in base 15?
29
What is 152 (base 13) in base 5?
1421
Convert -2e70 (base 16) to base 7.
-46442
What is -231 (base 14) in base 8?
-663
4868 (base 9) to base 16
e2a
-5121 (base 7) to base 10
-1779
10001001101 (base 2) to base 15
4d6
110110001 (base 2) to base 13
274
What is -11003 (base 7) in base 6?
-20415
What is 1021011 (base 3) in base 16?
39a
Convert 12046 (base 9) to base 11.
6069
Convert -1001112 (base 3) to base 11.
-640
What is -1000100010 (base 2) in base 14?
-2b0
What is b46 (base 13) in base 2?
11101111101
What is -1011001010001100 (base 2) in base 9?
-68626
-ecf (base 16) to base 9
-5172
Convert -603d (base 14) to base 6.
-204251
Convert 469 (base 12) to base 14.
34d
Convert -c0 (base 14) to base 13.
-cc
Convert -4110 (base 5) to base 7.
-1355
Convert b9b (base 12) to base 11.
1309
22001 (base 5) to base 14
793
-1740 (base 11) to base 8
-4256
What is 30352 (base 10) in base 5?
1432402
What is 105c (base 15) in base 13?
1764
-22316 (base 9) to base 15
-45e3
12b2 (base 15) to base 5
111432
1399 (base 10) to base 13
838
What is -870 (base 13) in base 8?
-2643
Convert -220012 (base 3) to base 6.
-3005
Convert 110 (base 2) to base 16.
6
What is 101011001010011 (base 2) in base 7?
121300
Convert -1010001110111001 (base 2) to base 8.
-121671
Convert 5aa9 (base 16) to base 2.
101101010101001
Convert -57610 (base 10) to base 16.
-e10a
-100111010001 (base 2) to base 8
-4721
Convert 241 (base 7) to base 8.
177
What is 14000 (base 8) in base 14?
234c
What is -305 (base 6) in base 13?
-89
Convert 14517 (base 11) to base 15.
6178
What is -12202 (base 5) in base 9?
-1240
Convert bd6 (base 16) to base 3.
11011020
What is 30ea (base 15) in base 2?
10100001101001
What is d5 (base 15) in base 7?
404
Convert -10030021 (base 4) to base 16.
-4309
What is 77352 (base 8) in base 6?
410230
Convert 2215 (base 6) to base 13.
308
Convert 7116 (base 14) to base 2.
100101111100000
What is -4041 (base 5) in base 12?
-375
130 (base 7) to base 2
1000110
What is 14354 (base 7) in base 9?
5378
1909 (base 11) to base 3
10022222
Convert 531 (base 7) to base 16.
10b
What is 1413 (base 6) in base 9?
450
-21335 (base 6) to base 2
-101101111011
What is 3827 (base 13) in base 15?
256b
100001